) = 2*m**3 + 18*m**2 + 33*m - 35. Let c(t) = -t**3 + t**2 - t - 1. Let n(d) = -3*c(d) - i(d). What are the prime factors of n(23)?
2, 7, 29
Suppose -21*t + 31*t = 1300. List the prime factors of (-1713)/18*-4*585/t.
3, 571
Let t = 40 + 0. Suppose -32 = 4*s - t. Suppose 0 = -2*w + 4*i + i + 66, w + s*i - 24 = 0. What are the prime factors of w?
2, 7
Suppose 5*c + 3*l - 53275 = 0, -c - 20*l + 10655 = -16*l. What are the prime factors of c?
5, 2131
Let q be (6/(-4))/(17/((-408)/9)). Suppose 5*o + 3*z - 3501 = 0, -6*o + 0*o + 4224 = -q*z. List the prime factors of o.
2, 3, 13
Suppose 50*f + 69489 = -3*f + 1046703. List the prime factors of f.
2, 3, 7, 439
Suppose 26*f = -552 + 84. What are the prime factors of ((-60)/f)/((-560)/285 - -2)?
5, 19
Suppose -116002 = -11*c + 12665. List the prime factors of c.
3, 7, 557
Let d(h) = -h**2 - 16*h + 56. Let x be d(-19). List the prime factors of (x + 3)*(-7)/(42/(-1347)).
449
What are the prime factors of -7*60/(-14)*13?
2, 3, 5, 13
Suppose -17752 = -n - 3*q - 4313, 0 = -2*n - 7*q + 26875. What are the prime factors of n?
2, 41
Let u = -8016 - -14781. List the prime factors of u.
3, 5, 11, 41
Suppose 12 = 121*v - 115*v. Let i(y) = 60*y**3 + 5*y**2 - y + 6. List the prime factors of i(v).
2, 3, 7
Suppose 17 - 54 = 5*h - 2*x, 2*x = -4*h - 44. What are the prime factors of 1603 - 90/h*(-2)/(-5)?
1607
Let b(a) = 5*a**2 + 15*a + 38. Let j be (-2)/(-10) + ((-66)/5 - -4). List the prime factors of b(j).
2, 7, 11
Let b(z) = -466*z - 326. What are the prime factors of b(-15)?
2, 7, 17
Suppose -5*z - w - 415 = 0, -w + 63 - 232 = 2*z. Let a(x) = 27*x + 1. Let k be a(-1). Let g = k - z. What are the prime factors of g?
2, 7
Let g(s) = -220*s - 554. What are the prime factors of g(-25)?
2, 2473
Suppose -61*r + 84801 - 45464 = -176115. List the prime factors of r.
2, 883
What are the prime factors of 10/50*40 - (54 - -1)*-279?
13, 1181
Let u(f) = -2*f**3 - 2*f - 2*f**3 + 3*f**2 + 2*f**3. Let i be u(1). What are the prime factors of i*(-236)/(4/1)?
59
Suppose -8*g = -0*g + 22*g - 93000. List the prime factors of g.
2, 5, 31
Suppose 0 = -2*v - 9 - 11. Let l = v + 10. Suppose 5*m - 4*m - 29 = l. List the prime factors of m.
29
Let t be 3*(-4)/30 + (-1548)/(-20). Suppose -19 + t = y + j, 3*j + 282 = 5*y. Suppose -d - 4*u = -y, -5*d + u + 4*u + 335 = 0. List the prime factors of d.
5, 13
Suppose -345 - 135 = 6*g. Let j be ((-24)/(-5))/(24/g). Let h(v) = -v**3 - 16*v**2 - 4*v + 19. List the prime factors of h(j).
83
Let u = 102 - 70. Let w = 241 - u. What are the prime factors of w?
11, 19
Let u(x) = 7257*x**2 + 122*x + 241. What are the prime factors of u(-2)?
3, 5, 43
Let d = -187 + 435. Suppose 0 = z + 4*s - d, 4*s + 5 - 1 = 0. What are the prime factors of z?
2, 3, 7
Let h(g) = 14*g**2 - 49*g + 239. Let s be ((-222)/(-148))/(6/20). List the prime factors of h(s).
2, 43
Suppose 60 = -2*a + 2*k + 2*k, 5*k + 133 = -4*a. What are the prime factors of (-1 - a) + (-3)/(-1)?
2, 17
Suppose 3*s + 5*q = 1474, s + 2*q - 460 = 33. Suppose -147 - s = -10*d. What are the prime factors of d?
3, 7
List the prime factors of -2*1871075/(-300) + 5/(-6).
12473
Let l(h) = -h + 11. Let m be l(5). Let p(y) = 2*y**2 - 10*y - 16. Let i be p(m). What are the prime factors of 12/(-48) - 105/i?
2, 13
Suppose 0 = 55*t - 64*t + 63315. Suppose 6*v + v - t = 0. List the prime factors of v.
3, 5, 67
Suppose 6*u = -2*t + 9*u + 125194, -2*t - 5*u = -125226. What are the prime factors of t?
62603
Let h(f) = -f**3 + 26*f**2 + 69*f - 1501. List the prime factors of h(24).
1307
Let l(y) = -11 + 34*y - 18*y - 12*y. Let u be l(4). Suppose 632 - 137 = 4*p + 5*d, -u*d = -5*p + 630. List the prime factors of p.
5
Let x = -11 + 71. List the prime factors of 4/(-30) - (59776/x)/(-2).
2, 3, 83
Let x(c) = -c**3 + 39*c**2 + 14*c + 149. What are the prime factors of x(35)?
29, 191
Suppose -24973*h + 24974*h - 21107 = 0. List the prime factors of h.
21107
Let d(t) be the first derivative of -t**2/2 + t - 3. Let f be d(-3). Suppose f*j - 197 = 175. What are the prime factors of j?
3, 31
Let s(j) = 14*j**2 - 9*j - 2. Let m(t) = 18*t**2 + 125*t - 4. Let v be m(-7). List the prime factors of s(v).
97
Let k = 2440 + -2266. Let h(t) = 5*t**3 + t**2 + 2*t + 1. Let b be h(2). Let s = k - b. List the prime factors of s.
5
Suppose -3*n = -263 - 28. Let u = n + -103. What are the prime factors of 0 - (u - (3 + -4))?
5
Let y(h) = -h**3 + 15*h**2 + 21*h - 24. Let f be y(12). Let v = -403 + f. List the prime factors of v.
257
Let o(z) = 535*z**2 - 57*z + 40. List the prime factors of o(-9).
2, 13, 211
Let i(x) = x**3 + 10*x**2 + 8*x - 2. Let q be i(9). Let s = q + -505. List the prime factors of s.
2, 3, 23
Suppose -10*r = r + 308. Let k = -60 - r. Let y = k + 158. What are the prime factors of y?
2, 3, 7
Let a = -113 + 285. Suppose 0 = -3*d + 4*f + 98 + 54, f = -3*d + a. What are the prime factors of (1 - 0/(-4)) + d?
3, 19
What are the prime factors of 64771238/1998 + (-3)/81?
2, 3, 1801
Let g be (51/9)/((-2)/(-18)). Let f(p) = -7*p - 1. Let y be f(-4). Suppose c + 315 = 4*s, -s = -c - g - y. List the prime factors of s.
79
Suppose 9*y + l - 18074 = 5*y, -5*l = 12*y - 54218. What are the prime factors of y?
4519
Let a = -4 + 161. Suppose 61 = -4*z - h + a, -92 = -4*z - 2*h. List the prime factors of z.
5
Let f = -22 + 16. Let y(n) = -n**2 - 6*n + 3. Let g be y(f). Suppose 2*t = g*v + 1, -4*v + 5 = t - 1. What are the prime factors of t?
2
Let c(m) = -50*m**3 - 4*m**2 + 40*m - 44*m - 3 + 3*m**2. What are the prime factors of c(-2)?
401
Let u = -315 - -359. Suppose 365 = c - 5*a + u, -c = 4*a - 276. List the prime factors of c.
2, 37
Let c(i) = -1683*i + 1012. What are the prime factors of c(-15)?
7, 11, 31
Let l(v) = 2*v**2 + 18*v + 18. Let p be l(-11). Suppose -322 = -m - p. What are the prime factors of m?
2, 5, 13
What are the prime factors of (-2)/1 - (2 - 354830/37)?
2, 4793
Suppose -12*a + 46081 + 111623 = 0. List the prime factors of a.
2, 6571
Suppose -5*p + 23 = 5*f - 17, 2*f - 4 = p. Suppose 5*z + 0*z = f*c + 8161, -2*z = -4*c - 8170. What are the prime factors of ((-2)/(-4))/((105/c)/(-15))?
2, 73
Let y = 180261 + -123178. List the prime factors of y.
13, 4391
Let r(c) = -c**2 - 60*c - 601. What are the prime factors of r(-40)?
199
Let j = -468 - -7821. List the prime factors of j.
3, 19, 43
Let b(q) = q**2 + 10*q - 2306. List the prime factors of b(83).
5413
Let p(s) = s**3 + 77*s**2 - 922*s + 317. List the prime factors of p(-72).
23, 4027
Let g(l) = -5*l**3 - l**2 + 5*l - 4. Let p be g(3). Let b = 34 - p. Suppose 2*x - 38 = -m + 72, -3*x + b = m. What are the prime factors of x?
3, 19
Suppose -b + 4*s + 28731 = -12132, 5*b - 204459 = 4*s. What are the prime factors of b?
3, 13633
Let p(n) = 4*n**2 - 52*n + 345. List the prime factors of p(29).
31, 71
Let o be (-2 + -108)*((-24)/6 - 12). Let h = o + -783. What are the prime factors of h?
977
Let y be ((-390)/(-234))/(10/36). Suppose y*r = 3*r + 2322. What are the prime factors of r?
2, 3, 43
Let z be (-6)/(-2) + (9 - 12). Suppose -2*h - 2*r + 592 = z, 0 = h - 2*r - 253 - 58. What are the prime factors of h?
7, 43
Let c be (25 + -27)*8/(-2). What are the prime factors of 318/12*c - 1?
211
Suppose -8*t + 814 + 74058 = 0. What are the prime factors of t?
7, 191
Let a = 71717 - 47393. List the prime factors of a.
2, 3, 2027
Suppose 0 = -5*b + 5*n + 5, 3*b + 0*b + 21 = -5*n. Let z be (b + 0)*(-2 + (-18)/12). Suppose 10*r - z*r - 384 = 0. What are the prime factors of r?
2
Let v(r) = 1481*r - 15697. List the prime factors of v(67).
2, 5, 8353
Let w = -12561 - -34627. Suppose 27*l = w + 6959. List the prime factors of l.
5, 43
Let l(t) = 4*t**2 + 13*t + 7. Let a(y) = 4*y**2 + 14*y + 8. Let s(d) = -5*a(d) + 6*l(d). Let w be s(-5). Suppose -277 - w = -3*k. List the prime factors of k.
113
Suppose 5*l = 7*l + m - 4109, -2059 = -l - 5*m. List the prime factors of l.
2, 13, 79
List the prime factors of -232*(172/14)/(93/(-651)).
2, 29, 43
Let p(o) = 4*o**2 - 7*o - 37. Let q(b) = -11*b**2 + 21*b + 110. Let k(r) = 8*p(r) + 3*q(r). What are the prime factors of k(9)?
2
Let d be (3 - 0) + -2 + 3. Suppose 5*b = -3*u - d, -2*u + 4*b - 9*b - 1 = 0. List the prime factors of (2 + u + 1)*1 + 91.
7, 13
Let z = -4580 - -9878. List the prim